68.87.71.181 - - [01/Apr/2006:10:20:48 +0200] "GET / HTTP/1.1" 200 1892 "-" "-"
68.87.71.181 - - [01/Apr/2006:10:20:48 +0200] "GET /navi.htm HTTP/1.1" 200 2719 "-" "-"
68.87.71.181 - - [01/Apr/2006:10:20:49 +0200] "GET /gaestebuch/guestbook.php HTTP/1.1" 200 33309 "-" "-"
62.116.40.112 - - [01/Apr/2006:10:21:11 +0200] "GET /umfrage/index.php HTTP/1.1" 200 3064 "-" "-"
62.116.40.112 - - [01/Apr/2006:10:21:11 +0200] "GET /counter.php HTTP/1.1" 200 1337 "-" "-"
62.116.40.112 - - [01/Apr/2006:10:21:11 +0200] "POST /umfrage/index.php HTTP/1.1" 200 1598 "http://www.stefbeer.de/" "-"
62.116.40.112 - - [01/Apr/2006:10:21:12 +0200] "GET /gaestebuch/guestbook_reentry.php?entry=20 HTTP/1.1" 200 3560 "-" "-"
62.116.40.112 - - [01/Apr/2006:10:21:12 +0200] "POST /gaestebuch/guestbook_reentry.php?PHPSESSID=62f5314bc315915f1526d7a8a56a362d HTTP/1.1" 200 3558 "http://www.stefbeer.de/" "-"
62.116.40.112 - - [01/Apr/2006:10:21:12 +0200] "POST /gaestebuch/guestbook_reentry.php?PHPSESSID=62f5314bc315915f1526d7a8a56a362d HTTP/1.1" 200 3634 "http://www.stefbeer.de/" "-"
62.116.40.112 - - [01/Apr/2006:10:21:13 +0200] "POST /gaestebuch/guestbook_reentry.php?PHPSESSID=62f5314bc315915f1526d7a8a56a362d HTTP/1.1" 200 3634 "http://www.stefbeer.de/" "-"
62.116.40.112 - - [01/Apr/2006:10:21:13 +0200] "GET /games.htm HTTP/1.1" 200 2758 "-" "-"
62.116.40.112 - - [01/Apr/2006:10:21:13 +0200] "GET /tools.htm HTTP/1.1" 200 986 "-" "-"
62.116.40.112 - - [01/Apr/2006:10:21:14 +0200] "GET /start.htm HTTP/1.1" 200 4052 "-" "-"
210.146.119.101 - - [01/Apr/2006:10:21:45 +0200] "GET /gaestebuch/guestbook_changeentry.php?entry=19 HTTP/1.1" 200 3485 "-" "-"
83.14.55.186 - - [01/Apr/2006:10:21:49 +0200] "GET /humor/index.htm HTTP/1.1" 200 701 "-" "-"
210.146.119.101 - - [01/Apr/2006:10:21:49 +0200] "POST /gaestebuch/guestbook_reentry.php?PHPSESSID=62f5314bc315915f1526d7a8a56a362d HTTP/1.1" 200 4131 "http://www.stefbeer.de/" "-"
83.14.55.186 - - [01/Apr/2006:10:21:51 +0200] "GET /gaestebuch/guestbook_changeentry.php?entry=22 HTTP/1.1" 200 3485 "-" "-"
83.14.55.186 - - [01/Apr/2006:10:21:53 +0200] "GET /gaestebuch/guestbook_reentry.php?entry=21 HTTP/1.1" 200 3560 "-" "-"
210.146.119.101 - - [01/Apr/2006:10:21:56 +0200] "POST /gaestebuch/guestbook_changeentry.php?PHPSESSID=bfa0446749e4204719bff3c75c726771 HTTP/1.1" 200 3584 "http://www.stefbeer.de/" "-"
83.14.55.186 - - [01/Apr/2006:10:21:57 +0200] "GET /toplink/index.php HTTP/1.1" 200 3133 "-" "-"
83.14.55.186 - - [01/Apr/2006:10:21:59 +0200] "POST /toplink/eintragen.php HTTP/1.1" 200 568 "http://www.stefbeer.de/" "-"
210.146.119.101 - - [01/Apr/2006:10:22:01 +0200] "POST /toplink/eintragen.php HTTP/1.1" 200 568 "http://www.stefbeer.de/" "-"
210.146.119.101 - - [01/Apr/2006:10:22:02 +0200] "POST /umfrage/index.php HTTP/1.1" 200 1598 "http://www.stefbeer.de/" "-"
83.14.55.186 - - [01/Apr/2006:10:22:02 +0200] "POST /toplink/eintragen.php HTTP/1.1" 200 568 "http://www.stefbeer.de/" "-"
210.146.119.101 - - [01/Apr/2006:10:22:05 +0200] "GET /gaestebuch/guestbook_delentry.php?entry=20 HTTP/1.1" 200 3255 "-" "-"
83.14.55.186 - - [01/Apr/2006:10:22:06 +0200] "POST /toplink/eintragen.php HTTP/1.1" 200 568 "http://www.stefbeer.de/" "-"
210.146.119.101 - - [01/Apr/2006:10:22:06 +0200] "GET / HTTP/1.1" 200 1892 "-" "-"
83.14.55.186 - - [01/Apr/2006:10:22:07 +0200] "POST /gaestebuch/guestbook_delentry.php?PHPSESSID=1bbeb7d22e2f939057589870d03750d0 HTTP/1.1" 200 3253 "http://www.stefbeer.de/" "-"
210.146.119.101 - - [01/Apr/2006:10:22:08 +0200] "POST /gaestebuch/guestbook_delentry.php?PHPSESSID=1bbeb7d22e2f939057589870d03750d0 HTTP/1.1" 200 3357 "http://www.stefbeer.de/" "-"
210.146.119.101 - - [01/Apr/2006:10:22:10 +0200] "POST /gaestebuch/guestbook_delentry.php?PHPSESSID=1bbeb7d22e2f939057589870d03750d0 HTTP/1.1" 200 3993 "http://www.stefbeer.de/" "-"
200.122.153.10 - - [01/Apr/2006:10:22:10 +0200] "POST /gaestebuch/guestbook_reentry.php?PHPSESSID=62f5314bc315915f1526d7a8a56a362d HTTP/1.1" 200 3635 "http://www.stefbeer.de/" "-"
83.14.55.186 - - [01/Apr/2006:10:22:10 +0200] "POST /toplink/eintragen.php HTTP/1.1" 200 568 "http://www.stefbeer.de/" "-"
200.122.153.10 - - [01/Apr/2006:10:22:11 +0200] "POST /toplink/eintragen.php HTTP/1.1" 200 568 "http://www.stefbeer.de/" "-"
200.122.153.10 - - [01/Apr/2006:10:22:12 +0200] "POST /gaestebuch/guestbook_changeentry.php?PHPSESSID=bfa0446749e4204719bff3c75c726771 HTTP/1.1" 200 3582 "http://www.stefbeer.de/" "-"
83.14.55.186 - - [01/Apr/2006:10:22:12 +0200] "GET /downloads/index.htm HTTP/1.1" 200 3250 "-" "-"
210.146.119.101 - - [01/Apr/2006:10:22:12 +0200] "POST /gaestebuch/guestbook_delentry.php?PHPSESSID=1bbeb7d22e2f939057589870d03750d0 HTTP/1.1" 200 3351 "http://www.stefbeer.de/" "-"
200.122.153.10 - - [01/Apr/2006:10:22:13 +0200] "POST /gaestebuch/guestbook_changeentry.php?PHPSESSID=bfa0446749e4204719bff3c75c726771 HTTP/1.1" 200 4073 "http://www.stefbeer.de/" "-"
200.122.153.10 - - [01/Apr/2006:10:22:14 +0200] "POST /gaestebuch/guestbook_changeentry.php?PHPSESSID=bfa0446749e4204719bff3c75c726771 HTTP/1.1" 200 3583 "http://www.stefbeer.de/" "-"
200.122.153.10 - - [01/Apr/2006:10:22:14 +0200] "POST /gaestebuch/guestbook_changeentry.php?PHPSESSID=bfa0446749e4204719bff3c75c726771 HTTP/1.1" 200 3483 "http://www.stefbeer.de/" "-"
83.14.55.186 - - [01/Apr/2006:10:22:15 +0200] "GET /kontakt.php HTTP/1.1" 200 3127 "-" "-"
83.14.55.186 - - [01/Apr/2006:10:22:19 +0200] "POST /kontakt.php HTTP/1.1" 200 3208 "http://www.stefbeer.de/" "-"
83.14.55.186 - - [01/Apr/2006:10:22:21 +0200] "POST /kontakt.php HTTP/1.1" 200 3208 "http://www.stefbeer.de/" "-"
210.146.119.101 - - [01/Apr/2006:10:22:22 +0200] "POST /gaestebuch/guestbook_delentry.php?PHPSESSID=1bbeb7d22e2f939057589870d03750d0 HTTP/1.1" 200 3352 "http://www.stefbeer.de/" "-"
210.146.119.101 - - [01/Apr/2006:10:22:24 +0200] "GET /gaestebuch/guestbook_control.php HTTP/1.1" 200 3459 "-" "-"
83.14.55.186 - - [01/Apr/2006:10:22:24 +0200] "POST /kontakt.php HTTP/1.1" 200 3208 "http://www.stefbeer.de/" "-"
210.146.119.101 - - [01/Apr/2006:10:22:25 +0200] "POST /gaestebuch/guestbook_control.php?sessid=58686f5ea5ae4cda98123417b77a279c HTTP/1.1" 200 4658 "http://www.stefbeer.de/" "-"
210.146.119.101 - - [01/Apr/2006:10:22:27 +0200] "POST /gaestebuch/guestbook_control.php?sessid=58686f5ea5ae4cda98123417b77a279c HTTP/1.1" 200 3844 "http://www.stefbeer.de/" "-"
83.14.55.186 - - [01/Apr/2006:10:22:28 +0200] "POST /kontakt.php HTTP/1.1" 200 3208 "http://www.stefbeer.de/" "-"
210.146.119.101 - - [01/Apr/2006:10:22:31 +0200] "POST /gaestebuch/guestbook_control.php?sessid=58686f5ea5ae4cda98123417b77a279c HTTP/1.1" 200 3852 "http://www.stefbeer.de/" "-"
83.14.55.186 - - [01/Apr/2006:10:22:31 +0200] "POST /kontakt.php HTTP/1.1" 200 3732 "http://www.stefbeer.de/" "-"
210.146.119.101 - - [01/Apr/2006:10:22:33 +0200] "POST /gaestebuch/guestbook_control.php?sessid=58686f5ea5ae4cda98123417b77a279c HTTP/1.1" 200 3459 "http://www.stefbeer.de/" "-"
83.14.55.186 - - [01/Apr/2006:10:22:34 +0200] "POST /kontakt.php HTTP/1.1" 200 3724 "http://www.stefbeer.de/" "-"